{"id":3975,"date":"2020-11-20T16:24:39","date_gmt":"2020-11-20T15:24:39","guid":{"rendered":"http:\/\/www.grundschule-dobel.de\/wp\/?page_id=3975"},"modified":"2022-09-30T12:20:53","modified_gmt":"2022-09-30T10:20:53","slug":"naturparkschule","status":"publish","type":"page","link":"https:\/\/www.grundschule-dobel.de\/wp\/naturparkschule\/","title":{"rendered":"Naturparkschule"},"content":{"rendered":"\n<p>Die Grundschule Dobel ist Naturparkschule. <br><a href=\"http:\/\/www.grundschule-dobel.de\/wp\/grund-zum-feiern-auszeichnung-zur-naturpark-schule\/\">Artikel: Zertifizierungsfeier<\/a><\/p>\n\n\n\n<figure class=\"wp-block-image size-large is-style-default\"><a href=\"https:\/\/www.naturparkschwarzwald.de\" target=\"_blank\" rel=\"noreferrer noopener\"><img decoding=\"async\" width=\"151\" height=\"110\" src=\"http:\/\/www.grundschule-dobel.de\/wp\/wp-content\/uploads\/2021\/03\/naturpark.png\" alt=\"\" class=\"wp-image-4127\"\/><\/a><\/figure>\n\n\n\n<p>Das Konzept der Naturpark-Schule ist ein Schulentwicklungsprogramm. In mehreren Modulen werden Kernthemen des Naturparks Schwarzwald Mitte\/Nord wie beispielsweise Artenvielfalt, Erhaltung der Natur und Landschaft und Verst\u00e4ndnis und Wertsch\u00e4tzung f\u00fcr die kulturellen Besonderheiten unserer Heimat vermittelt.&nbsp;<\/p>\n\n\n\n<p>Sechs Module in \u201emoderner Heimatkunde\u201c werden die Kinder der Grundschule dieses Jahr noch absolvieren. Damit w\u00e4ren die Voraussetzungen erf\u00fcllt, um vom Verband Deutscher Naturparke (VDN) als Naturpark-Schule ausgezeichnet zu werden. Nach der geplanten Zertifizierung im Sp\u00e4tjahr 2021 erg\u00e4nzen acht Unterrichtsmodule pro Schuljahr den Sachunterricht, welche stetig dokumentiert und weiterentwickelt werden.<\/p>\n\n\n\n<p>Kindgerechte \u201emoderne Heimatkunde\u201c beschreibt am besten, worauf ein Teil des Unterrichts in unserer Schule k\u00fcnftig ausgerichtet ist. Die Sch\u00fcler sollen die Natur und die Kultur ihrer Heimat besser kennen lernen.<\/p>\n\n\n\n<p>Das im Klassenzimmer erlernte Wissen aus dem Bildungsplan Baden-W\u00fcrttemberg wird durch Exkursionen drau\u00dfen vor der Klassenzimmert\u00fcr in der Praxis von externen Partnern erweitert und vertieft. Dies sind zum Beispiel Umweltp\u00e4dagogen und F\u00f6rster, Handwerker, Imker und Landwirte sowie Obst- und Gartenbauvereine. Ob drau\u00dfen in der Natur, auf Bauernh\u00f6fen, in Werkst\u00e4tten, Betrieben oder historischen Bauwerken \u2013 die Sch\u00fcler lernen hautnah die spannenden Zusammenh\u00e4nge ihrer Heimat kennen. Auf diese Weise wird ein regionaler Bezug sowie ein Beitrag zur Bildung nachhaltiger Entwicklung (BNE) geleistet.<\/p>\n\n\n\n<p>Ziel ist es, die Sch\u00fcler durch Erfahrungen von Natur und Kultur f\u00fcr die Besonderheiten unserer Heimat zu sensibilisieren. Die Sch\u00fcler geh\u00f6ren zur n\u00e4chsten Generation, die sich um den Naturpark k\u00fcmmert. In der Naturpark-Schule bekommen sie Impulse, die sie sp\u00e4ter vielleicht in Ideen und Aktivit\u00e4ten zur Entwicklung unserer Region umwandeln. Um dies zu erreichen, haben die Schule und der Naturpark Schwarzwald Mitte \/Nord gemeinsam als Partner in der Umsetzungsarbeit des Konzepts \u201eNaturpark-Schule\u201c folgende gemeinsame Ziele definiert.<\/p>\n\n\n\n<p>F\u00fcr weitere Informationen:<\/p>\n\n\n\n<p><a href=\"https:\/\/www.naturparkschwarzwald.de\" target=\"_blank\" rel=\"noreferrer noopener\">https:\/\/www.naturparkschwarzwald.de<\/a><\/p>\n\n\n\n<p>Das Schulentwicklungsprogramm \u201eNaturpark-Schule\u201c wird gef\u00f6rdert durch den Naturpark Schwarzwald Mitte\/Nord mit Mitteln des Landes Baden-W\u00fcrttemberg und der Lotterie Gl\u00fccksspirale.<\/p>\n\n\n\n<figure class=\"wp-block-gallery has-nested-images columns-default wp-block-gallery-1 is-layout-flex wp-block-gallery-is-layout-flex\" id=\"https:\/\/www.baden-wuerttemberg.de\/de\/startseite\/\">\n<figure class=\"wp-block-image size-medium\"><a href=\"https:\/\/www.gluecksspirale.de\" target=\"_blank\" rel=\"noreferrer noopener\"><img decoding=\"async\" width=\"300\" height=\"120\" data-id=\"4274\" src=\"http:\/\/www.grundschule-dobel.de\/wp\/wp-content\/uploads\/2021\/10\/Gluecksspirale-1-300x120.jpg\" alt=\"\" class=\"wp-image-4274\" srcset=\"https:\/\/www.grundschule-dobel.de\/wp\/wp-content\/uploads\/2021\/10\/Gluecksspirale-1-300x120.jpg 300w, https:\/\/www.grundschule-dobel.de\/wp\/wp-content\/uploads\/2021\/10\/Gluecksspirale-1.jpg 419w\" sizes=\"(max-width: 300px) 100vw, 300px\" \/><\/a><\/figure>\n\n\n\n<figure class=\"wp-block-image size-medium\"><a href=\"https:\/\/www.baden-wuerttemberg.de\/de\/startseite\/\" target=\"_blank\" rel=\"noreferrer noopener\"><img decoding=\"async\" width=\"300\" height=\"165\" data-id=\"4275\" src=\"http:\/\/www.grundschule-dobel.de\/wp\/wp-content\/uploads\/2021\/10\/Landeswappen_BW-1-300x165.jpg\" alt=\"\" class=\"wp-image-4275\" srcset=\"https:\/\/www.grundschule-dobel.de\/wp\/wp-content\/uploads\/2021\/10\/Landeswappen_BW-1-300x165.jpg 300w, https:\/\/www.grundschule-dobel.de\/wp\/wp-content\/uploads\/2021\/10\/Landeswappen_BW-1.jpg 742w\" sizes=\"(max-width: 300px) 100vw, 300px\" \/><\/a><\/figure>\n<\/figure>\n\n\n\n<p><\/p>\n","protected":false},"excerpt":{"rendered":"<div class=\"mh-excerpt\"><p>Die Grundschule Dobel ist Naturparkschule. Artikel: Zertifizierungsfeier Das Konzept der Naturpark-Schule ist ein Schulentwicklungsprogramm. In mehreren Modulen werden Kernthemen des Naturparks Schwarzwald Mitte\/Nord wie beispielsweise Artenvielfalt, Erhaltung der Natur und Landschaft und Verst\u00e4ndnis und Wertsch\u00e4tzung <a class=\"mh-excerpt-more\" href=\"https:\/\/www.grundschule-dobel.de\/wp\/naturparkschule\/\" title=\"Naturparkschule\">[&#8230;]<\/a><\/p>\n<\/div>","protected":false},"author":7,"featured_media":0,"parent":0,"menu_order":0,"comment_status":"closed","ping_status":"closed","template":"","meta":{"ngg_post_thumbnail":0,"footnotes":""},"class_list":["post-3975","page","type-page","status-publish"],"_links":{"self":[{"href":"https:\/\/www.grundschule-dobel.de\/wp\/wp-json\/wp\/v2\/pages\/3975","targetHints":{"allow":["GET"]}}],"collection":[{"href":"https:\/\/www.grundschule-dobel.de\/wp\/wp-json\/wp\/v2\/pages"}],"about":[{"href":"https:\/\/www.grundschule-dobel.de\/wp\/wp-json\/wp\/v2\/types\/page"}],"author":[{"embeddable":true,"href":"https:\/\/www.grundschule-dobel.de\/wp\/wp-json\/wp\/v2\/users\/7"}],"replies":[{"embeddable":true,"href":"https:\/\/www.grundschule-dobel.de\/wp\/wp-json\/wp\/v2\/comments?post=3975"}],"version-history":[{"count":18,"href":"https:\/\/www.grundschule-dobel.de\/wp\/wp-json\/wp\/v2\/pages\/3975\/revisions"}],"predecessor-version":[{"id":4510,"href":"https:\/\/www.grundschule-dobel.de\/wp\/wp-json\/wp\/v2\/pages\/3975\/revisions\/4510"}],"wp:attachment":[{"href":"https:\/\/www.grundschule-dobel.de\/wp\/wp-json\/wp\/v2\/media?parent=3975"}],"curies":[{"name":"wp","href":"https:\/\/api.w.org\/{rel}","templated":true}]}}

<p>Die Grundschule Dobel ist Naturparkschule. <br><a href="http://www.grundschule-dobel.de/wp/grund-zum-feiern-auszeichnung-zur-naturpark-schule/">Artikel: Zertifizierungsfeier</a></p>



<figure class="wp-block-image size-large is-style-default"><a href="https://www.naturparkschwarzwald.de" target="_blank" rel="noreferrer noopener"><img decoding="async" width="151" height="110" src="http://www.grundschule-dobel.de/wp/wp-content/uploads/2021/03/naturpark.png" alt="" class="wp-image-4127"/></a></figure>



<p>Das Konzept der Naturpark-Schule ist ein Schulentwicklungsprogramm. In mehreren Modulen werden Kernthemen des Naturparks Schwarzwald Mitte/Nord wie beispielsweise Artenvielfalt, Erhaltung der Natur und Landschaft und Verständnis und Wertschätzung für die kulturellen Besonderheiten unserer Heimat vermittelt.&nbsp;</p>



<p>Sechs Module in „moderner Heimatkunde“ werden die Kinder der Grundschule dieses Jahr noch absolvieren. Damit wären die Voraussetzungen erfüllt, um vom Verband Deutscher Naturparke (VDN) als Naturpark-Schule ausgezeichnet zu werden. Nach der geplanten Zertifizierung im Spätjahr 2021 ergänzen acht Unterrichtsmodule pro Schuljahr den Sachunterricht, welche stetig dokumentiert und weiterentwickelt werden.</p>



<p>Kindgerechte „moderne Heimatkunde“ beschreibt am besten, worauf ein Teil des Unterrichts in unserer Schule künftig ausgerichtet ist. Die Schüler sollen die Natur und die Kultur ihrer Heimat besser kennen lernen.</p>



<p>Das im Klassenzimmer erlernte Wissen aus dem Bildungsplan Baden-Württemberg wird durch Exkursionen draußen vor der Klassenzimmertür in der Praxis von externen Partnern erweitert und vertieft. Dies sind zum Beispiel Umweltpädagogen und Förster, Handwerker, Imker und Landwirte sowie Obst- und Gartenbauvereine. Ob draußen in der Natur, auf Bauernhöfen, in Werkstätten, Betrieben oder historischen Bauwerken – die Schüler lernen hautnah die spannenden Zusammenhänge ihrer Heimat kennen. Auf diese Weise wird ein regionaler Bezug sowie ein Beitrag zur Bildung nachhaltiger Entwicklung (BNE) geleistet.</p>



<p>Ziel ist es, die Schüler durch Erfahrungen von Natur und Kultur für die Besonderheiten unserer Heimat zu sensibilisieren. Die Schüler gehören zur nächsten Generation, die sich um den Naturpark kümmert. In der Naturpark-Schule bekommen sie Impulse, die sie später vielleicht in Ideen und Aktivitäten zur Entwicklung unserer Region umwandeln. Um dies zu erreichen, haben die Schule und der Naturpark Schwarzwald Mitte /Nord gemeinsam als Partner in der Umsetzungsarbeit des Konzepts „Naturpark-Schule“ folgende gemeinsame Ziele definiert.</p>



<p>Für weitere Informationen:</p>



<p><a href="https://www.naturparkschwarzwald.de" target="_blank" rel="noreferrer noopener">https://www.naturparkschwarzwald.de</a></p>



<p>Das Schulentwicklungsprogramm „Naturpark-Schule“ wird gefördert durch den Naturpark Schwarzwald Mitte/Nord mit Mitteln des Landes Baden-Württemberg und der Lotterie Glücksspirale.</p>



<figure class="wp-block-gallery has-nested-images columns-default wp-block-gallery-1 is-layout-flex wp-block-gallery-is-layout-flex" id="https://www.baden-wuerttemberg.de/de/startseite/">
<figure class="wp-block-image size-medium"><a href="https://www.gluecksspirale.de" target="_blank" rel="noreferrer noopener"><img decoding="async" width="300" height="120" data-id="4274" src="http://www.grundschule-dobel.de/wp/wp-content/uploads/2021/10/Gluecksspirale-1-300x120.jpg" alt="" class="wp-image-4274" srcset="https://www.grundschule-dobel.de/wp/wp-content/uploads/2021/10/Gluecksspirale-1-300x120.jpg 300w, https://www.grundschule-dobel.de/wp/wp-content/uploads/2021/10/Gluecksspirale-1.jpg 419w" sizes="(max-width: 300px) 100vw, 300px" /></a></figure>



<figure class="wp-block-image size-medium"><a href="https://www.baden-wuerttemberg.de/de/startseite/" target="_blank" rel="noreferrer noopener"><img decoding="async" width="300" height="165" data-id="4275" src="http://www.grundschule-dobel.de/wp/wp-content/uploads/2021/10/Landeswappen_BW-1-300x165.jpg" alt="" class="wp-image-4275" srcset="https://www.grundschule-dobel.de/wp/wp-content/uploads/2021/10/Landeswappen_BW-1-300x165.jpg 300w, https://www.grundschule-dobel.de/wp/wp-content/uploads/2021/10/Landeswappen_BW-1.jpg 742w" sizes="(max-width: 300px) 100vw, 300px" /></a></figure>
</figure>



<p></p>

<div class="mh-excerpt"><p>Die Grundschule Dobel ist Naturparkschule. Artikel: Zertifizierungsfeier Das Konzept der Naturpark-Schule ist ein Schulentwicklungsprogramm. In mehreren Modulen werden Kernthemen des Naturparks Schwarzwald Mitte/Nord wie beispielsweise Artenvielfalt, Erhaltung der Natur und Landschaft und Verständnis und Wertschätzung <a class="mh-excerpt-more" href="https://www.grundschule-dobel.de/wp/naturparkschule/" title="Naturparkschule">[&#8230;]</a></p>
</div>
